reatest common factor of 328 and 5536?
8
Calculate the greatest common divisor of 54915 and 165.
15
Calculate the greatest common divisor of 209711 and 2021.
43
What is the greatest common divisor of 391956 and 2569?
367
Calculate the greatest common factor of 39445 and 55.
5
Calculate the highest common divisor of 715731 and 908.
227
Calculate the highest common divisor of 76230 and 110.
110
What is the greatest common divisor of 3895 and 4940?
95
Calculate the highest common factor of 17187 and 17.
17
Calculate the highest common divisor of 629487 and 46.
23
Calculate the greatest common factor of 448 and 3232.
32
Calculate the greatest common factor of 334950 and 450.
150
Calculate the highest common divisor of 48 and 275312.
16
What is the highest common factor of 6743 and 3421?
11
Calculate the highest common factor of 98946 and 207.
207
What is the highest common divisor of 212971 and 22?
11
What is the greatest common divisor of 504 and 26712?
504
Calculate the highest common divisor of 144522 and 558.
558
Calculate the greatest common divisor of 267214 and 207.
23
Calculate the greatest common factor of 352 and 119504.
176
What is the highest common divisor of 250930 and 60?
10
What is the highest common divisor of 28914 and 85278?
366
What is the greatest common factor of 543508 and 118?
118
What is the greatest common factor of 1373112 and 351?
351
Calculate the highest common divisor of 192 and 132672.
192
What is the greatest common factor of 246 and 10742?
82
What is the greatest common factor of 164 and 29892?
4
Calculate the greatest common divisor of 45 and 1177030.
5
What is the highest common divisor of 2436 and 16356?
348
Calculate the greatest common divisor of 159 and 1216191.
159
Calculate the greatest common factor of 460 and 2658455.
115
Calculate the highest common divisor of 36503 and 1477.
211
Calculate the greatest common divisor of 11985 and 60.
15
Calculate the highest common divisor of 1338 and 891.
3
Calculate the highest common factor of 422671 and 3196.
799
Calculate the highest common divisor of 4071 and 7788.
177
What is the highest common divisor of 57050 and 25?
25
What is the greatest common divisor of 20041 and 4908?
409
What is the highest common divisor of 49062 and 312?
78
What is the highest common factor of 184910 and 165?
55
Calculate the highest common divisor of 383871 and 5970.
597
Calculate the greatest common divisor of 1503 and 20207.
167
What is the highest common divisor of 199680 and 1092?
156
What is the greatest common divisor of 290 and 31378?
58
Calculate the highest common factor of 1978983 and 4401.
1467
What is the greatest common divisor of 175 and 6685?
35
Calculate the greatest common factor of 2349 and 957.
87
Calculate the highest common factor of 123 and 4101.
3
Calculate the highest common divisor of 87 and 29609.
29
Calculate the greatest common divisor of 34560 and 510.
30
What is the highest common divisor of 377 and 68237?
377
Calculate the greatest common factor of 3043 and 1139.
17
Calculate the highest common divisor of 1206 and 164686.
134
What is the highest common factor of 9 and 200391?
3
What is the highest common factor of 249 and 906609?
249
What is the highest common factor of 14 and 28847?
7
Calculate the greatest common divisor of 14030 and 56810.
230
What is the greatest common divisor of 17546 and 124?
62
Calculate the highest common divisor of 81 and 5967.
27
Calculate the greatest common divisor of 3399 and 363.
33
Calculate the highest common factor of 64 and 518176.
32
What is the highest common divisor of 126 and 77658?
42
Calculate the greatest common divisor of 71852 and 4828.
284
What is the greatest common factor of 4415 and 435?
5
What is the highest common factor of 7966 and 42?
14
Calculate the greatest common divisor of 58 and 1456583.
29
Calculate the highest common factor of 546 and 19614.
42
What is the greatest common factor of 48 and 126606?
6
What is the greatest common factor of 48 and 31536?
48
What is the highest common divisor of 33782 and 3302?
254
What is the highest common divisor of 5808 and 20592?
528
What is the highest common divisor of 1904 and 5264?
112
Calculate the greatest common factor of 21 and 37919.
7
What is the greatest common factor of 12769 and 1469?
113
What is the greatest common factor of 4771 and 13?
13
Calculate the greatest common factor of 110 and 429770.
110
Calculate the highest common factor of 920915 and 335.
335
Calculate the greatest common divisor of 2 and 11482.
2
What is the greatest common factor of 598236 and 6?
6
Calculate the greatest common factor of 104 and 20.
4
What is the highest common factor of 205258 and 34?
34
What is the greatest common divisor of 139 and 270911?
139
What is the highest common divisor of 285447 and 551?
29
What is the highest common factor of 30524 and 27508?
52
Calculate the greatest common divisor of 251039 and 17.
17
Calculate the highest common factor of 82896 and 27456.
528
What is the highest common factor of 1348000 and 800?
800
What is the highest common factor of 9488 and 120?
8
What is the greatest common divisor of 1138 and 4662386?
1138
What is the greatest common factor of 3000 and 192?
24
Calculate the greatest common divisor of 1782 and 7470.
18
What is the highest common divisor of 135665 and 774?
43
What is the greatest common divisor of 614761 and 62?
31
What is the greatest common divisor of 648098 and 993?
331
Calculate the highest common divisor of 1047 and 15.
3
What is the highest common divisor of 813230 and 70?
10
What is the greatest common divisor of 30625 and 33600?
175
What is the highest common divisor of 2617416 and 72?
72
What is the greatest common factor of 240 and 724368?
48
What is the greatest common divisor of 97682 and 3842?
34
Calculate the greatest common divisor of 9950 and 2985995.
995
What is the highest common divisor of 727 and 17187734?
727
What is the greatest common divisor of 6 and 65298?
6
Calculate the greatest common factor of 2573 and 8383.
83
What is the greatest common factor of 5168776 and 101?
101
What is the greatest common factor of 8784 and 1008?
144
Calculate the highest common divisor of 40837 and 7999.
421
What is the greatest common divisor of 1290 and 889670?
430
What is the highest common factor of 4368 and 25536?
336
Calculate the greatest common divisor of 1568 and 728.
56
What is the greatest common divisor of 1836315 and 195?
195
What is the highest common factor of 80 and 5808?
16
Calculate the greatest common factor of 2460 and 415.
5
What is the highest common divisor of 36942 and 198858?
786
What is the greatest common factor of 765 and 239751?
153
What is the highest common divisor of 17793100 and 1300?
1300
What is the highest common factor of 174 and 10999700?
58
Calculate the highest common divisor of 238 and 12257.
119
Calculate the highest common factor of 239663 and 2215.
443
What is the greatest common factor of 16 and 2194704?
16
Calculate the highest common divisor of 76 and 3042356.
76
Calculate the greatest common divisor of 20556 and 108.
36
Calculate the highest common factor of 711 and 1463001.
237
Calculate the highest common divisor of 16692 and 11076.
156
What is the greatest common factor of 171 and 397611?
9
Calculate the greatest common factor of 5 and 978875.
5
What is the highest common factor of 66 and 7964?
22
Calculate the highest common divisor of 295284 and 36.
12
Calculate the greatest common factor of 1900 and 12800.
100
What is the greatest common factor of 1242 and 157849?
23
Calculate the greatest common divisor of 303 and 83123.
101
Calculate the greatest common factor of 8712 and 14036.
484
What is the highest common factor of 14 and 133063?
7
Calculate the highest common factor of 381 and 1105281.
381
What is the highest common divisor of 3493 and 189?
7
What is the greatest common divisor of 348 and 4247862?
174
Calculate the greatest common factor of 606699 and 63.
9
What is the greatest common factor of 826 and 26078?
118
What is the highest common divisor of 3844 and 4588?
124
Calculate the highest common divisor of 104794 and 1510.
302
What is the highest common factor of 1850 and 563510?
370
What is the highest common factor of 1092 and 22659?
273
W